{"id":5,"date":"2012-11-26T21:35:24","date_gmt":"2012-11-26T20:35:24","guid":{"rendered":"http:\/\/paulchrablass.de\/blog\/?page_id=5"},"modified":"2019-11-26T22:51:03","modified_gmt":"2019-11-26T21:51:03","slug":"ueber","status":"publish","type":"page","link":"https:\/\/paulchr.ablass.me\/blog\/ueber\/","title":{"rendered":"\u00dcber"},"content":{"rendered":"<p><img decoding=\"async\" loading=\"lazy\" class=\"alignleft size-medium wp-image-314\" src=\"https:\/\/i0.wp.com\/paulchrablass.de\/blog\/wp-content\/uploads\/2012\/11\/bittelaecheln-200x300.jpg?resize=200%2C300\" alt=\"Profilbild Paul-Christian Abla\u00df\" width=\"200\" height=\"300\" srcset=\"https:\/\/i0.wp.com\/paulchr.ablass.me\/blog\/wp-content\/uploads\/2012\/11\/bittelaecheln.jpg?resize=200%2C300&amp;ssl=1 200w, https:\/\/i0.wp.com\/paulchr.ablass.me\/blog\/wp-content\/uploads\/2012\/11\/bittelaecheln.jpg?resize=624%2C935&amp;ssl=1 624w, https:\/\/i0.wp.com\/paulchr.ablass.me\/blog\/wp-content\/uploads\/2012\/11\/bittelaecheln.jpg?w=683&amp;ssl=1 683w\" sizes=\"(max-width: 200px) 100vw, 200px\" data-recalc-dims=\"1\" \/><\/p>\n<p>Hinter dem <strong>Frontend Log<\/strong> stecke ich, Paul-Christian Abla\u00df. Ich bin 32 Jahre alt, mit der gro\u00dfartigsten Frau der Welt verheiratet und habe mit ihr drei Kinder. Zusammen wohnen wir in <a href=\"http:\/\/de.wikipedia.org\/wiki\/Berlin-K%C3%B6penick\">K\u00f6penick<\/a>, dem gr\u00fcnsten Bezirk Berlins.<\/p>\n<p>Vor und nach dem Abschluss meiner Ausbildung als <a href=\"http:\/\/www.ihk-berlin.de\/aus_und_weiterbildung\/Ausbildung\/Ausbildungsberufe_von_A_bis_Z\/811502\/Mediengestalter_Digital_und_Print.html\">Mediengestalter Digital und Print (IHK)<\/a> vor <del>einigen<\/del> vielen Jahren war ich mehrere Jahre als Frontend Developer t\u00e4tig. Aus dieser Zeit stammen die Inhalte des <strong>Frontend Log<\/strong>: Eine Dokumentation der diversen Themen, mit denen ein Frontend Developer in Ber\u00fchrung kommt.<\/p>\n<p>Seit einigen Jahren habe ich der aktiven Entwicklung den R\u00fccken gekehrt. Mittlerweile arbeite ich als Projektmanager\/Product Owner f\u00fcr <a href=\"https:\/\/www.unymira.com\/de\/\">unymira<\/a> im Herzen Berlins.<\/p>\n","protected":false},"excerpt":{"rendered":"<p>Hinter dem Frontend Log stecke ich, Paul-Christian Abla\u00df. Ich bin 32 Jahre alt, mit der gro\u00dfartigsten Frau der Welt verheiratet und habe mit ihr drei Kinder. Zusammen wohnen wir in K\u00f6penick, dem gr\u00fcnsten Bezirk Berlins. Vor und nach dem Abschluss meiner Ausbildung als Mediengestalter Digital und Print (IHK) vor einigen vielen Jahren war ich mehrere [&hellip;]<\/p>\n","protected":false},"author":3,"featured_media":0,"parent":0,"menu_order":0,"comment_status":"closed","ping_status":"closed","template":"","meta":{"jetpack_post_was_ever_published":false},"jetpack_sharing_enabled":false,"jetpack_shortlink":"https:\/\/wp.me\/P2Vohc-5","jetpack-related-posts":[{"id":22,"url":"https:\/\/paulchr.ablass.me\/blog\/impressum\/","url_meta":{"origin":5,"position":0},"title":"Impressum","author":"Paul-Christian Abla\u00df","date":"26. November 2012","format":false,"excerpt":"Diese Seite wird betrieben von: Paul-Christian Abla\u00dfAlte Kaulsdorfer Stra\u00dfe 25A12555 Berlin","rel":"","context":"\u00c4hnlicher Beitrag","block_context":{"text":"\u00c4hnlicher Beitrag","link":""},"img":{"alt_text":"","src":"","width":0,"height":0},"classes":[]},{"id":784,"url":"https:\/\/paulchr.ablass.me\/blog\/node-npm-und-node-packages\/","url_meta":{"origin":5,"position":1},"title":"node, npm und node packages","author":"Paul-Christian Abla\u00df","date":"6. M\u00e4rz 2016","format":false,"excerpt":"Mein node\/ npm Setup und was ich dazu festhalten m\u00f6chte. Installation node und npm sind mit Homebrew installiert: $ brew info node node: stable 5.7.1 (bottled), HEAD node npm Die Deaktivierung des Fortschrittsbalkens verschnellert die Installation von node packages (Quelle): npm set progress=false Der Fortschrittsbalken kann mit npm set progress=true\u2026","rel":"","context":"\u00c4hnlicher Beitrag","block_context":{"text":"\u00c4hnlicher Beitrag","link":""},"img":{"alt_text":"","src":"","width":0,"height":0},"classes":[]},{"id":808,"url":"https:\/\/paulchr.ablass.me\/blog\/mysql\/","url_meta":{"origin":5,"position":2},"title":"MySQL","author":"paulchrablass","date":"22. M\u00e4rz 2016","format":false,"excerpt":"$ mysql -u [Nutzername] -p - Mit dem gew\u00fcnschten Nutzer in MySQL einloggen select user, host from mysql.user; - Listet alle MySQL-User und die dazugeh\u00f6rigen Hosts auf show databases; - Listet alle Datenbanken auf create database [Datenbank]; - Erstellt eine neue Datenbank drop database [Datenbank]; - L\u00f6scht eine Datenbank create\u2026","rel":"","context":"\u00c4hnlicher Beitrag","block_context":{"text":"\u00c4hnlicher Beitrag","link":""},"img":{"alt_text":"","src":"","width":0,"height":0},"classes":[]},{"id":793,"url":"https:\/\/paulchr.ablass.me\/blog\/homebrew\/","url_meta":{"origin":5,"position":3},"title":"Homebrew","author":"paulchrablass","date":"6. M\u00e4rz 2016","format":false,"excerpt":"Homebrew ist ein Paketmanager f\u00fcr OS X und das Tool der Wahl, um die f\u00fcr den Development-Prozess ben\u00f6tigten Programme zu installieren. Homebrew installiert Pakete im Nutzerordner unter \/usr\/local\/Cellar und macht die installierten Versionen des Pakets per Symlink f\u00fcr die Verwendung im System zug\u00e4nglich. Installation Homebrew greift auf das systemeigene Ruby\u2026","rel":"","context":"\u00c4hnlicher Beitrag","block_context":{"text":"\u00c4hnlicher Beitrag","link":""},"img":{"alt_text":"","src":"","width":0,"height":0},"classes":[]}],"_links":{"self":[{"href":"https:\/\/paulchr.ablass.me\/blog\/wp-json\/wp\/v2\/pages\/5"}],"collection":[{"href":"https:\/\/paulchr.ablass.me\/blog\/wp-json\/wp\/v2\/pages"}],"about":[{"href":"https:\/\/paulchr.ablass.me\/blog\/wp-json\/wp\/v2\/types\/page"}],"author":[{"embeddable":true,"href":"https:\/\/paulchr.ablass.me\/blog\/wp-json\/wp\/v2\/users\/3"}],"replies":[{"embeddable":true,"href":"https:\/\/paulchr.ablass.me\/blog\/wp-json\/wp\/v2\/comments?post=5"}],"version-history":[{"count":33,"href":"https:\/\/paulchr.ablass.me\/blog\/wp-json\/wp\/v2\/pages\/5\/revisions"}],"predecessor-version":[{"id":861,"href":"https:\/\/paulchr.ablass.me\/blog\/wp-json\/wp\/v2\/pages\/5\/revisions\/861"}],"wp:attachment":[{"href":"https:\/\/paulchr.ablass.me\/blog\/wp-json\/wp\/v2\/media?parent=5"}],"curies":[{"name":"wp","href":"https:\/\/api.w.org\/{rel}","templated":true}]}}